he ten thousands digit of 3753440?
5
What is the tens digit of 72656?
5
What is the ten thousands digit of 1358207?
5
What is the hundred thousands digit of 4230506?
2
What is the ten thousands digit of 906734?
0
What is the tens digit of 16385789?
8
What is the units digit of 2771490?
0
What is the hundreds digit of 2724948?
9
What is the millions digit of 3458414?
3
What is the units digit of 82354?
4
What is the tens digit of 3982424?
2
What is the ten thousands digit of 572621?
7
What is the ten millions digit of 24157197?
2
What is the units digit of 2281847?
7
What is the hundreds digit of 513808?
8
What is the hundreds digit of 46145?
1
What is the tens digit of 139376?
7
What is the tens digit of 129372?
7
What is the thousands digit of 40799?
0
What is the hundred thousands digit of 2395305?
3
What is the tens digit of 2560346?
4
What is the ten thousands digit of 198668?
9
What is the ten thousands digit of 211810?
1
What is the ten thousands digit of 1043656?
4
What is the hundreds digit of 7308388?
3
What is the thousands digit of 2801248?
1
What is the units digit of 2?
2
What is the thousands digit of 1338784?
8
What is the ten thousands digit of 80087?
8
What is the ten thousands digit of 826646?
2
What is the units digit of 8614862?
2
What is the thousands digit of 7466058?
6
What is the ten thousands digit of 3536710?
3
What is the thousands digit of 5713658?
3
What is the thousands digit of 1718530?
8
What is the units digit of 1289952?
2
What is the hundred thousands digit of 1477473?
4
What is the ten thousands digit of 6138683?
3
What is the ten millions digit of 15787371?
1
What is the ten thousands digit of 1559447?
5
What is the hundreds digit of 2637620?
6
What is the tens digit of 3924155?
5
What is the thousands digit of 112776?
2
What is the units digit of 2841047?
7
What is the thousands digit of 43118?
3
What is the millions digit of 1112690?
1
What is the tens digit of 122364?
6
What is the units digit of 374593?
3
What is the tens digit of 430761?
6
What is the hundreds digit of 359118?
1
What is the thousands digit of 306820?
6
What is the millions digit of 6830887?
6
What is the units digit of 10013248?
8
What is the thousands digit of 41453?
1
What is the tens digit of 6869318?
1
What is the tens digit of 6872747?
4
What is the hundreds digit of 214300?
3
What is the units digit of 180655?
5
What is the hundreds digit of 843890?
8
What is the hundreds digit of 4194282?
2
What is the thousands digit of 2233966?
3
What is the hundreds digit of 423227?
2
What is the units digit of 510929?
9
What is the ten thousands digit of 182330?
8
What is the tens digit of 125248?
4
What is the hundreds digit of 91796?
7
What is the hundreds digit of 6121112?
1
What is the ten thousands digit of 902731?
0
What is the units digit of 695776?
6
What is the hundreds digit of 1205504?
5
What is the hundreds digit of 1558406?
4
What is the millions digit of 1720557?
1
What is the thousands digit of 712776?
2
What is the thousands digit of 6024?
6
What is the tens digit of 578566?
6
What is the hundred thousands digit of 3695513?
6
What is the units digit of 1256355?
5
What is the ten thousands digit of 141971?
4
What is the tens digit of 4910925?
2
What is the thousands digit of 132777?
2
What is the ten thousands digit of 424229?
2
What is the hundreds digit of 4188582?
5
What is the hundred thousands digit of 11208696?
2
What is the millions digit of 4976201?
4
What is the hundreds digit of 54617?
6
What is the tens digit of 4052170?
7
What is the ten thousands digit of 208856?
0
What is the hundred thousands digit of 3978136?
9
What is the hundreds digit of 24579694?
6
What is the thousands digit of 8847327?
7
What is the units digit of 608020?
0
What is the hundred thousands digit of 1708908?
7
What is the thousands digit of 6319383?
9
What is the millions digit of 3370970?
3
What is the ten thousands digit of 269147?
6
What is the tens digit of 306982?
8
What is the ten thousands digit of 2979785?
7
What is the units digit of 274787?
7
What is the hundred thousands digit of 509244?
5
What is the tens digit of 1193204?
0
What is the thousands digit of 2215019?
5
What is the units digit of 5233248?
8
What is the units digit of 6657330?
0
What is the millions digit of 3648564?
3
What is the millions digit of 2194394?
2
What is the millions digit of 4288652?
4
What is the hundreds digit of 13113252?
2
What is the ten thousands digit of 3506101?
0
What is the tens digit of 5455291?
9
What is the tens digit of 679387?
8
What is the ten thousands digit of 753627?
5
What is the hundreds digit of 2075524?
5
What is the units digit of 10092765?
5
What is the hundreds digit of 4218428?
4
What is the hundred thousands digit of 1746919?
7
What is the units digit of 6645243?
3
What is the ten thousands digit of 4152854?
5
What is the thousands digit of 96839?
6
What is the units digit of 107132?
2
What is the tens digit of 55929?
2
What is the thousands digit of 173437?
3
What is the units digit of 5846843?
3
What is the thousands digit of 380829?
0
What is the millions digit of 1448643?
1
What is the ten thousands digit of 61099?
6
What is the thousands digit of 168007?
8
What is the tens digit of 855600?
0
What is the ten thousands digit of 85772?
8
What is the millions digit of 3889018?
3
What is the ten thousands digit of 4377346?
7
What is the tens digit of 1519984?
8
What is the thousands digit of 9294168?
4
What is the tens digit of 1594539?
3
What is the thousands digit of 1491895?
1
What is the hundreds digit of 2508381?
3
What is the hundred thousands digit of 198903?
1
What is the hundred thousands digit of 11237645?
2
What is the thousands digit of 3875456?
5
What is the units digit of 300764?
4
What is the units digit of 72829?
9
What is the tens digit of 1943846?
4
What is the ten thousands digit of 6654113?
5
What is the thousands digit of 1828984?
8
What is the thousands digit of 988341?
8
What is the ten thousands digit of 3595759?
9
What is the tens digit of 667567?
6
What is the thousands digit of 66739?
6
What is the ten thousands digit of 3298564?
9
What is the ten thousands digit of 962444?
6
What is the tens digit of 1938128?
2
What is the ten thousands digit of 413128?
1
What is the units digit of 14009845?
5
What is the hundred thousands digit of 637626?
6
What is the hundred thousands digit of 6670191?
6
What is the tens digit of 439057?
5
What is the tens digit of 364433?
3
What is the thousands digit of 370131?
0
What is the tens digit of 21445238?
3
What is the ten thousands digit of 262593?
6
What is the hundred thousands digit of 2080906?
0
What is the units digit of 3942427?
7
What is the ten thousands digit of 340180?
4
What is the units digit of 7431?
1
What is the hundreds digit of 599828?
8
What is the ten thousands digit of 1405701?
0
What is the hundred thousands digit of 8275427?
2
What is the ten thousands digit of 741376?
4
What is the units digit of 158994?
4
What is the hundreds digit of 20403899?
8
What is the thousands digit of 219506?
9
What is the tens digit of 11785853?
5
What is the ten thousands digit of 375583?
7
What is the units digit of 234840?
0
What is the hundreds digit of 542057?
0
What is the hundred thousands digit of 33187796?
1
What is the hundreds digit of 7862504?
5
What is the thousands digit of 219600?
9
What is the ten thousands digit of 7619074?
1
What is the ten thousands digit of 523956?
2
What is the ten thousands digit of 416378?
1
What is the units digit of 818688?
8
What is the units digit of 430091?
1
What is the units digit of 4427233?
3
What is the hundreds digit of 545596?
5
What is the hundreds digit of 697591?
5
What is the tens digit of 6072046?
4
What is the hundred thousands digit of 111285?
1
What is the thousands digit of 516072?
6
What is the hundreds digit of 134631?
6
What is the hundreds digit of 658102?
1
What is the ten thousands digit of 31455?
3
What is the hundred thousands digit of 13076760?
0
What is the ten millions digit of 23281537?
2
What is the hundred thousands digit of 4071514?
0
What is the hundred thousands digit of 1864871?
8
What is the millions digit of 1978871?
1
What is the hundreds digit of 12673465?
4
What is the tens digit 